23
Let o(n) = 3*n**2 + 295*n - 20879. Determine o(-146).
-1
Let i(p) = 2*p**3 + 87*p**2 - 13417*p - 126. Calculate i(63).
0
Let p(i) = -8*i**3 + 2*i**2 + 4*i + 90. What is p(0)?
90
Let u(a) = -2550*a + 231849. What is u(91)?
-201
Let l(u) = 197*u**2 + 2958*u + 21. Give l(-15).
-24
Let o(s) = -91368*s - 3928824. Give o(-43).
0
Let z(u) = 465*u - 53697. Calculate z(113).
-1152
Let r(f) = 321*f - 164. What is r(4)?
1120
Let k(p) = -2*p**3 - 2499*p**2 + 53363*p - 49. Determine k(21).
-7
Let s(a) = -5822*a - 820887. Determine s(-141).
15
Let v(t) = -t**2 + 80*t + 1560. Calculate v(-19).
-321
Let z(r) = 2*r**3 + 643*r**2 + 334*r + 4168. What is z(-321)?
-5
Let k(g) = 23411*g + 70265. Determine k(-3).
32
Let x(v) = -110*v**2 - 95*v + 462. Give x(5).
-2763
Let i(f) = f**2 - 221123*f + 2211142. Determine i(10).
12
Let p(o) = 360*o - 23046. Determine p(64).
-6
Let w(q) = 54*q**2 + 76*q - 306. Determine w(4).
862
Let x(i) = -i**3 + 3*i**2 + 4036*i - 20130. Give x(5).
0
Let d(s) = 63*s**2 - 3741*s + 5037. What is d(58)?
-9
Let m(a) = 1146*a - 66166. Determine m(58).
302
Let p(x) = x**3 - 21*x**2 - 99*x + 2879. Determine p(15).
44
Let l(i) = i**2 - 226*i + 3994. Give l(20).
-126
Let s(n) = -12*n**3 - 9*n**2 + 11*n + 6. Determine s(-3).
216
Let t(k) = 3*k**2 - 75*k + 1269. Calculate t(17).
861
Let x(v) = 517*v - 7723. Calculate x(15).
32
Let y(b) = -1123*b - 14682. Calculate y(-13).
-83
Let n(b) = 25*b**2 - 12875*b - 51496. Give n(-4).
404
Let d(h) = 44*h**3 + h**2 - 20*h - 19. Give d(-1).
-42
Let q(i) = 2*i**3 - 120*i**2 - 9927*i - 37663. Determine q(-4).
-3
Let q(h) = 2*h**3 - 104*h**2 - 127*h + 187. What is q(53)?
-926
Let w(s) = -400*s - 27536. Give w(-67).
-736
Let c(y) = y**3 + 48*y**2 + 432*y + 1911. What is c(-38)?
-65
Let s(k) = -31418*k - 471275. What is s(-15)?
-5
Let s(c) = c**3 + 787*c**2 - 10455*c - 44027. Determine s(-800).
-27
Let t(l) = -327*l + 3031. Give t(9).
88
Let b(n) = -2*n**3 - 151*n**2 + 902*n + 174. Calculate b(-81).
-717
Let p(u) = -u**3 + 63*u**2 + 95*u - 3116. What is p(64)?
-1132
Let s(d) = d**3 + 12*d**2 - 1817*d + 13. Determine s(37).
-135
Let y(r) = -r**3 - 31*r**2 + 2513*r + 197. What is y(37)?
86
Let m(y) = y**3 + 22*y**2 + 6773*y + 86501. Determine m(-13).
-27
Let l(k) = -1035*k**2 - 3614*k - 19. What is l(-4)?
-2123
Let q(c) = c**2 - 283*c - 2255568. Calculate q(-1367).
-18
Let x(h) = 7*h**2 - 11418*h - 68529. What is x(-6)?
231
Let o(y) = y**3 - 204*y**2 - 1230*y - 32. Give o(-6).
-212
Let n(a) = 10790*a + 64542. What is n(-6)?
-198
Let r(w) = -3*w**2 + 64152*w + 449204. Give r(-7).
-7
Let p(h) = -96*h**2 + 222*h + 452. Determine p(-2).
-376
Let x(v) = 2*v**3 + 287*v**2 + 1248*v - 335. Calculate x(-139).
82
Let q(y) = 3185*y + 248428. Give q(-78).
-2
Let x(h) = -2*h**2 - 85*h + 1940. What is x(-59)?
-7
Let v(b) = -10*b**3 + 4*b**2 - 35*b - 134. Determine v(0).
-134
Let d(j) = -740*j + 4559. Give d(5).
859
Let b(p) = 21545*p + 840246. Give b(-39).
-9
Let z(q) = -3323*q - 169353. Determine z(-51).
120
Let b(c) = c**3 - 26*c**2 - 46*c - 418. What is b(28)?
-138
Let k(y) = y**3 - 122*y**2 + 1598*y - 6. Give k(15).
-111
Let y(r) = -62536*r + 7754495. Determine y(124).
31
Let z(b) = -39*b**3 + 82*b**2 - 256*b + 12. Give z(3).
-1071
Let f(x) = -3*x**3 - 8*x**2 + 52*x + 29. Calculate f(7).
-1028
Let l(n) = 30176*n - 150876. What is l(5)?
4
Let l(r) = 1758*r**2 - 5260*r - 44. Calculate l(3).
-2
Let a(y) = 16512*y + 66883. Calculate a(-4).
835
Let t(u) = -22358*u + 222974. Calculate t(10).
-606
Let x(c) = 4*c**2 + 7*c - 410. What is x(-27)?
2317
Let m(j) = 1327*j + 60201. What is m(-47)?
-2168
Let f(a) = 2*a**3 + 12*a**2 + 39*a - 34. Give f(-5).
-179
Let k(t) = 178*t**3 - 848*t**2 - 41*t + 181. Calculate k(5).
1026
Let n(g) = -11547*g + 33342. Determine n(3).
-1299
Let k(o) = 174*o**3 - 706*o**2 - 19*o + 24. Determine k(4).
-212
Let r(k) = -1422*k - 9345. Calculate r(-7).
609
Let m(c) = -2*c**2 + 10123*c - 451544. Determine m(45).
-59
Let x(h) = 4*h**3 + 98*h**2 + 367*h - 941. Determine x(-19).
28
Let n(t) = 4*t**3 + 182*t**2 + 1935*t + 26. Determine n(-17).
77
Let z(o) = -625*o + 20621. Calculate z(33).
-4
Let m(v) = 2*v**2 + 989*v - 37125. Determine m(35).
-60
Let a(y) = 62*y**2 - 6186*y + 152827. Give a(45).
7
Let b(q) = 11*q**2 - 1392*q + 20564. Calculate b(15).
2159
Let q(r) = r**2 - 1257*r - 61092. Calculate q(-49).
2902
Let s(z) = -377111*z + 30923104. What is s(82)?
2
Let p(r) = 21558*r + 5173887. Calculate p(-240).
-33
Let m(u) = -2*u**2 - 1073*u + 17970. Determine m(-553).
-279
Let c(o) = 10*o**3 - 461*o**2 + 48*o - 59. Give c(46).
33
Let b(t) = -2*t**3 - 255*t**2 + 99*t - 3763. Give b(-128).
-51
Let z(l) = 3046*l - 164206. What is z(54)?
278
Let h(w) = -41223*w + 5482651. Calculate h(133).
-8
Let w(i) = 37*i**2 - 732*i - 170. Give w(20).
-10
Let p(z) = -z**2 + 102*z - 3282. Determine p(54).
-690
Let a(y) = -114*y**3 + 353*y**2 + 5*y - 2. Calculate a(3).
112
Let i(d) = -4941*d - 24540. Calculate i(-5).
165
Let z(l) = 60327*l + 2111381. What is z(-35)?
-64
Let m(b) = 98839*b + 296202. Give m(-3).
-315
Let j(k) = 2073*k**3 - 18656*k**2 - 76*k + 617. Calculate j(9).
14
Let t(o) = 43*o**2 - 45*o + 79. What is t(2)?
161
Let s(i) = -6*i**2 + 58*i + 298. Calculate s(-4).
-30
Let q(t) = t**3 + 67*t**2 + 105*t - 1386. Determine q(-65).
239
Let t(c) = -290*c - 45745. Give t(-158).
75
Let u(b) = 3*b**3 + 8*b**2 - 49*b - 1. Give u(-7).
-295
Let c(j) = -49599*j + 297146. What is c(6)?
-448
Let t(b) = 17363*b - 277744. What is t(16)?
64
Let p(f) = 232523*f - 1860169. Calculate p(8).
15
Let z(g) = 2*g**3 - 196*g**2 - 405*g + 1244. Calculate z(100).
744
Let c(j) = j**3 - 140*j**2 + 140*j - 228. Give c(139).
-89
Let m(r) = 137*r**2 + 4346*r + 28025. Determine m(-9).
8
Let n(w) = -w**3 - 4*w**2 + 314*w + 2072. Calculate n(-7).
21
Let w(n) = 1689*n**2 + 8430*n + 16. Determine w(-5).
91
Let o(c) = 9*c**3 - 507*c**2 + 2451*c - 148. Calculate o(51).
5
Let s(w) = 90*w**2 + 1742*w + 8709. What is s(-5)?
2249
Let d(c) = 51*c**2 - 839*c + 3442. Calculate d(9).
22
Let s(i) = -278*i - 41158. Determine s(-148).
-14
Let l(i) = -6*i**2 + 2502*i + 124716. What is l(-45)?
-24
Let h(f) = 14*f**2 - 127*f - 77. Give h(-5).
908
Let r(n) = -1093*n + 9071. Determine r(12).
-4045
Let i(k) = 356*k - 13294. What is i(37)?
-122
Let w(q) = -2859*q - 276454. Determine w(-97).
869
Let t(p) = 12*p**2 + 1803*p - 5509. What is t(3)?
8
Let t(c) = 21*c**2 + 38336*c + 38337. Determine t(-1).
22
Let q(p) = 108616*p + 433998. Determine q(-4).
-466
Let t(a) = 37*a**2 + 5619*a + 22424. Calculate t(-4).
540
Let z(m) = -18*m**3 + 61*m**2 + 29*m - 52. What is z(3)?
98
Let c(b) = b**3 + 1253*b**2 + 125731*b + 107. Calculate c(-110).
-3
Let t(j) = -1120569*j + 2241160. Give t(2).
22
Let l(v) = -3*v**3 - 148*v**2 + 75*v + 6076. Calculate l(-49).
0
Let w(y) = -1610*y + 7217. Give w(6).
-2443
Let f(l) = l**3 - 5*l**2 + 15*l - 39. Determine f(5).
36
Let n(u) = -16835*u - 15134657. What is n(-899)?
8
Let r(x) = x**2 + 196*x + 1560. What is r(-45)?
-5235
Let x(r) = -r**3 - 33*r**2 + 181*r - 112. What is x(-38)?
230
Let o(b) = 43919*b - 2152026. What is o(49)?
5
Let p(z) = 3*z**3 + 40*z**2 - 120*z - 1906. Give p(-12).
110
Let x(y) = y**3 - 6*y**2 - 31*y + 224. What is x(10)?
314
Let p(v) = 290*v + 1034. Give p(0).
1034
Let a(r) = -r**3 + 65*r**2 + 1698*r + 172. Give a(85).
2
Let l(f) = 5*f**2 + 18*f + 101. Calculate l(6).
389
Let u(d) = 19*d**2 - 579*d + 1076. What is u(28)?
-240
Let t(i) = -15*i**3 - 211*i**2 - 11*i + 52. Calculate t(-14).
10
Let j(p) = -224*p + 7157. Determine j(32).
-11
Let d(a) = -3*a**3 + 209*a**2 + 4714*a - 377. Determine d(-18).
-17
Let v(n) = 297*n - 2126. Determine v(8).
250
Let z(a) = 6*a**2 - 165*a + 12. What is z(6)?
-762
Let g(c) = -16*c**3 + 79*c**2 + 19*c - 58. Determine g(5).
12
Let g(f) = 237*f - 2993. What is g(14)?
325
Let z(x) = -x**2 + 86*x - 1073. Determine z(14).
-65
Let t(c) = 77138*c + 4705393. Calculate t(-61).
-25
Let s(j) = 3019*j - 69331. Calculate s(23).
106
Let h(r) = -6*r**3 - 14*r**2 + 71*r + 375. Calculate h(-6).
741
Let n(m) = 6233*m + 3627603. Determine n(-582).
-3
Let p(m) = 63493*m - 4698492. Calculate p(74).
-10
Let k(u) = -22*u - 1633. Calculate k(-77).
61
Let k(g) = 842*g**2 - 234*g + 5. What is k(-1)?
1081
Let v(f) = 40*f*